{"id":2037,"date":"2024-09-16T17:33:07","date_gmt":"2024-09-16T15:33:07","guid":{"rendered":"http:\/\/wordpress.service-inspiration.de\/?page_id=2037"},"modified":"2024-09-16T18:23:18","modified_gmt":"2024-09-16T16:23:18","slug":"mein-weg-zur-spiritualitaet","status":"publish","type":"page","link":"https:\/\/www.service-inspiration.de\/?page_id=2037","title":{"rendered":"Mein Weg zur Spiritualit\u00e4t"},"content":{"rendered":"\n<hr class=\"wp-block-separator alignwide has-text-color has-ast-global-color-1-color has-alpha-channel-opacity has-ast-global-color-1-background-color has-background is-style-wide\" style=\"margin-top:var(--wp--preset--spacing--40);margin-bottom:var(--wp--preset--spacing--40)\"\/>\n\n\n\n<div class=\"wp-block-group\"><div class=\"wp-block-group__inner-container is-layout-constrained wp-block-group-is-layout-constrained\">\n<div class=\"wp-block-columns are-vertically-aligned-top is-layout-flex wp-container-core-columns-is-layout-9d6595d7 wp-block-columns-is-layout-flex\">\n<div class=\"wp-block-column is-vertically-aligned-stretch is-layout-flow wp-block-column-is-layout-flow\" style=\"flex-basis:100%\">\n<p class=\"has-text-color has-link-color wp-elements-096909e533272c22039bb9149fe7a2e8\" style=\"color:#cfa65a;font-size:17px\"><strong>Mein Weg zur Spiritualit\u00e4t<\/strong><\/p>\n\n\n\n<p class=\"has-small-font-size\">Kurioserweise hatte ich mir bewusst \u00fcberhaupt nicht vorgenommen auch nur irgendeine spirituelle Modalit\u00e4t oder Art zu entdecken bzw. danach zu suchen.&nbsp;&nbsp;<\/p>\n\n\n\n<p>Ich lernte beim Fasching 2005 jemanden kennen, der vom Reiki sprach und mich mal kurz sp\u00fcren lie\u00df wie diese Energie flie\u00dft bzw. wie ich sie selbst wahrnehmen konnte. Damals war ich nat\u00fcrlich noch total der Logiker und dachte an einen Scherz, allerdings &nbsp;an einen den ich mir nicht erkl\u00e4ren konnte, weil mir lediglich die Hand aufgelegt wurde und es an der Stelle so was von hei\u00df wurde. Der Abend ging vorbei und ich hatte \u00fcberhaupt kein Interesse, mehr dar\u00fcber zu erfahren, glaubte ich zumindest vorerst. Wir verloren uns also aus den Augen.&nbsp;&nbsp;<\/p>\n\n\n\n<p>Aber unbewusst lie\u00df mich irgendetwas, was ich nur schwer beschreiben kann, seitdem nicht mehr los. Wir hatten keine Nummern ausgetauscht. Allerdings hatte ich mir aus den kurzen Unterhaltungen viele Details gemerkt und konnte dadurch diese Person wieder ausfindig machen. Ich hatte den Mut anzurufen, obwohl ich gar nicht wusste von was ich sprechen sollte, denn mir war ja nichts \u00fcber diese Modalit\u00e4t, namens Reiki, bekannt. Kurzerhand trafen wir uns und ich konnte immer mehr erfahren, aber ich sp\u00fcrte in mir auch einen enormen Widerstand dagegen. Aus heutiger Sicht wollte ich wohl Derjenige sein, der den ganzen &#8222;Kram&#8220; (aus meiner damaligen Betrachtungsweise) widerlegen wollte.&nbsp;&nbsp;<\/p>\n\n\n\n<p>Das n\u00e4chste Seminar r\u00fcckte immer n\u00e4her und ich fand immer mehr Ausreden, warum ich gerade an diesem Wochenende nicht k\u00f6nnte. Letztendlich schob ich Geldmangel vor, weil ich meinte, dass das der Grund w\u00e4re, der am meisten einleuchten w\u00fcrde. Die Person war aber so von dieser Modalit\u00e4t \u00fcberzeugt, dass sie mir 100 \u20ac dazugab, wenn ich kommen w\u00fcrde (als eine Leihgabe ohne vereinbarten R\u00fcckgabetermin) und ich kam das erste Mal ins Straucheln \u00fcber meine Ausreden, denn warum sollte das jemand machen, wenn es Quatsch w\u00e4re.&nbsp;&nbsp;<\/p>\n\n\n\n<p>Damals gab es von unserem Lehrer noch einen Infoabend, ein paar Tage vor dem eigentlichen Seminar. Ich fuhr hin, denn ich h\u00e4tte ja doch noch einen Grund finden k\u00f6nnen, der mich davon abbringen k\u00f6nnte. Was soll ich sagen? Ich sah den Lehrer, Marcus Nassner, und es schoss sofort ein Gedanke in mich hinein, der da lautete: \u201e<strong>Der<\/strong>&nbsp;kann mir absolut einen vom Pferd erz\u00e4hlen!\u201c und ich meinte das wirklich ernst. Dabei hatte ich noch nicht einmal ein Wort von ihm geh\u00f6rt, sondern ihn nur gesehen. Es gab keine Ausreden mehr, obwohl die Logik in mir immer noch auf der Suche nach einem Kontra war. Ich hatte aber unbewusst etwas gesp\u00fcrt, was st\u00e4rker war als meine Logik.&nbsp;&nbsp;<\/p>\n\n\n\n<p>So kam ich zum Seminar und dann hat es mich so gefesselt, dass ich nach dem 1. Grad sofort den Zweiten machte, dabei h\u00e4tte mir die Logik da einen Strich durch die Rechnung machen m\u00fcssen, denn das Geld daf\u00fcr war \u00fcberhaupt nicht vorhanden. Seit langem hatte pl\u00f6tzlich ein Gef\u00fchl in mir wieder mehr Kraft, als die Vernunft (Logik). Ich musste weitermachen. Und dieses M\u00fcssen, war ein Wollen von innen heraus. Warum war das so? Dort erfuhr ich von Dingen, die ich schon immer in mir sp\u00fcrte, doch mir fehlte das Verst\u00e4ndnis dazu. Hier kam ich zum Verst\u00e4ndnis und das gab mir pl\u00f6tzlich von innen heraus Kraft. Das Wunder f\u00fcr mich nach dem Seminar war dann, dass das ben\u00f6tigte Geld pl\u00f6tzlich da war, ohne das ich es mir logisch erkl\u00e4ren konnte. So bleibt f\u00fcr mich nur eine Frage:&nbsp;&nbsp;<\/p>\n\n\n\n<p class=\"has-text-color has-link-color has-small-font-size wp-elements-dd7d2b9709ddde7399412663ecee4df2\" style=\"color:#cfa65a\"><strong>\u201eKann es sein, das Etwas einfach so sein sollte und deshalb pl\u00f6tzlich alles wie von selbst geflossen ist?\u201c<\/strong><\/p>\n<\/div>\n<\/div>\n<\/div><\/div>\n\n\n\n<p><\/p>\n","protected":false},"excerpt":{"rendered":"<p>Mein Weg zur Spiritualit\u00e4t Kurioserweise hatte ich mir bewusst \u00fcberhaupt nicht vorgenommen auch nur irgendeine spirituelle Modalit\u00e4t oder Art zu entdecken bzw. danach zu suchen.&nbsp;&nbsp; Ich lernte beim Fasching 2005 jemanden kennen, der vom Reiki sprach und mich mal kurz sp\u00fcren lie\u00df wie diese Energie flie\u00dft bzw. wie ich sie selbst wahrnehmen konnte. Damals war [&hellip;]<\/p>\n","protected":false},"author":1,"featured_media":0,"parent":2004,"menu_order":0,"comment_status":"closed","ping_status":"closed","template":"","meta":{"ocean_post_layout":"","ocean_both_sidebars_style":"scs-style","ocean_both_sidebars_content_width":0,"ocean_both_sidebars_sidebars_width":0,"ocean_sidebar":"quadmenu-widgets","ocean_second_sidebar":"","ocean_disable_margins":"enable","ocean_add_body_class":"","ocean_shortcode_before_top_bar":"","ocean_shortcode_after_top_bar":"","ocean_shortcode_before_header":"","ocean_shortcode_after_header":"","ocean_has_shortcode":"","ocean_shortcode_after_title":"","ocean_shortcode_before_footer_widgets":"","ocean_shortcode_after_footer_widgets":"","ocean_shortcode_before_footer_bottom":"","ocean_shortcode_after_footer_bottom":"","ocean_display_top_bar":"default","ocean_display_header":"default","ocean_header_style":"","ocean_center_header_left_menu":"","ocean_custom_header_template":"","ocean_custom_logo":0,"ocean_custom_retina_logo":0,"ocean_custom_logo_max_width":0,"ocean_custom_logo_tablet_max_width":0,"ocean_custom_logo_mobile_max_width":0,"ocean_custom_logo_max_height":0,"ocean_custom_logo_tablet_max_height":0,"ocean_custom_logo_mobile_max_height":0,"ocean_header_custom_menu":"","ocean_menu_typo_font_family":"Cinzel","ocean_menu_typo_font_subset":"","ocean_menu_typo_font_size":0,"ocean_menu_typo_font_size_tablet":0,"ocean_menu_typo_font_size_mobile":0,"ocean_menu_typo_font_size_unit":"px","ocean_menu_typo_font_weight":"","ocean_menu_typo_font_weight_tablet":"","ocean_menu_typo_font_weight_mobile":"","ocean_menu_typo_transform":"","ocean_menu_typo_transform_tablet":"","ocean_menu_typo_transform_mobile":"","ocean_menu_typo_line_height":0,"ocean_menu_typo_line_height_tablet":0,"ocean_menu_typo_line_height_mobile":0,"ocean_menu_typo_line_height_unit":"","ocean_menu_typo_spacing":0,"ocean_menu_typo_spacing_tablet":0,"ocean_menu_typo_spacing_mobile":0,"ocean_menu_typo_spacing_unit":"","ocean_menu_link_color":"#cfa65a","ocean_menu_link_color_hover":"","ocean_menu_link_color_active":"","ocean_menu_link_background":"","ocean_menu_link_hover_background":"","ocean_menu_link_active_background":"","ocean_menu_social_links_bg":"","ocean_menu_social_hover_links_bg":"","ocean_menu_social_links_color":"","ocean_menu_social_hover_links_color":"","ocean_disable_title":"default","ocean_disable_heading":"default","ocean_post_title":"","ocean_post_subheading":"","ocean_post_title_style":"","ocean_post_title_background_color":"","ocean_post_title_background":0,"ocean_post_title_bg_image_position":"","ocean_post_title_bg_image_attachment":"","ocean_post_title_bg_image_repeat":"","ocean_post_title_bg_image_size":"","ocean_post_title_height":0,"ocean_post_title_bg_overlay":0.5,"ocean_post_title_bg_overlay_color":"","ocean_disable_breadcrumbs":"default","ocean_breadcrumbs_color":"","ocean_breadcrumbs_separator_color":"","ocean_breadcrumbs_links_color":"","ocean_breadcrumbs_links_hover_color":"","ocean_display_footer_widgets":"default","ocean_display_footer_bottom":"default","ocean_custom_footer_template":"","footnotes":""},"class_list":["post-2037","page","type-page","status-publish","hentry","entry"],"_links":{"self":[{"href":"https:\/\/www.service-inspiration.de\/index.php?rest_route=\/wp\/v2\/pages\/2037","targetHints":{"allow":["GET"]}}],"collection":[{"href":"https:\/\/www.service-inspiration.de\/index.php?rest_route=\/wp\/v2\/pages"}],"about":[{"href":"https:\/\/www.service-inspiration.de\/index.php?rest_route=\/wp\/v2\/types\/page"}],"author":[{"embeddable":true,"href":"https:\/\/www.service-inspiration.de\/index.php?rest_route=\/wp\/v2\/users\/1"}],"replies":[{"embeddable":true,"href":"https:\/\/www.service-inspiration.de\/index.php?rest_route=%2Fwp%2Fv2%2Fcomments&post=2037"}],"version-history":[{"count":0,"href":"https:\/\/www.service-inspiration.de\/index.php?rest_route=\/wp\/v2\/pages\/2037\/revisions"}],"up":[{"embeddable":true,"href":"https:\/\/www.service-inspiration.de\/index.php?rest_route=\/wp\/v2\/pages\/2004"}],"wp:attachment":[{"href":"https:\/\/www.service-inspiration.de\/index.php?rest_route=%2Fwp%2Fv2%2Fmedia&parent=2037"}],"curies":[{"name":"wp","href":"https:\/\/api.w.org\/{rel}","templated":true}]}}