{"id":2004,"date":"2024-09-16T16:19:32","date_gmt":"2024-09-16T14:19:32","guid":{"rendered":"http:\/\/wordpress.service-inspiration.de\/?page_id=2004"},"modified":"2024-09-29T16:46:32","modified_gmt":"2024-09-29T14:46:32","slug":"biografie","status":"publish","type":"page","link":"https:\/\/www.service-inspiration.de\/?page_id=2004","title":{"rendered":"Biografie"},"content":{"rendered":"\n<hr class=\"wp-block-separator alignwide has-text-color has-ast-global-color-1-color has-alpha-channel-opacity has-ast-global-color-1-background-color has-background is-style-wide\" style=\"margin-top:var(--wp--preset--spacing--40);margin-bottom:var(--wp--preset--spacing--40)\"\/>\n\n\n\n<div class=\"wp-block-group\"><div class=\"wp-block-group__inner-container is-layout-constrained wp-block-group-is-layout-constrained\">\n<div class=\"wp-block-columns are-vertically-aligned-top is-layout-flex wp-container-core-columns-is-layout-9d6595d7 wp-block-columns-is-layout-flex\">\n<div class=\"wp-block-column is-vertically-aligned-stretch is-layout-flow wp-block-column-is-layout-flow\" style=\"flex-basis:100%\">\n<p class=\"has-text-color has-link-color wp-elements-33a91bea358766683e210799957f22f2\" style=\"color:#cfa65a;font-size:17px\"><strong>Biografie<\/strong><\/p>\n\n\n\n<p class=\"has-small-font-size\">Ich, Tobias Wolf, bin im Jahr 1972 geboren. Nach meiner Schulzeit absolvierte ich meine Ausbildung zum Maler und Lackierer. Nach 3-j\u00e4hriger T\u00e4tigkeit als Geselle begann ich die Meisterausbildung, welche ich nach 9 Monaten 1996 erfolgreich abgeschlossen habe.&nbsp;&nbsp;<\/p>\n\n\n\n<p>Im Jahr 2005 durfte ich Reiki entdecken und ich erkannte schnell meine Begeisterung daf\u00fcr. Ich lie\u00df mich einweihen in den 1. Grad (Shoden) und in den 2. Grad (Okuden). Ich habe begonnen mit dieser Modalit\u00e4t an mir selbst zu arbeiten und erliege seitdem der Faszination dieser Energie.&nbsp;&nbsp;<\/p>\n\n\n\n<p>Was bei mir selbst funktioniert hat und immer wieder funktioniert, muss demzufolge auch bei anderen Menschen m\u00f6glich sein. Alles beginnt mit uns selbst und dann k\u00f6nnen wir beginnen es hinauszutragen in unsere Welt. Durch Reiki konnte ich den Zauber im allt\u00e4glichen Leben wiederentdecken. Da will ich selbst heute mitwirken und mitzaubern, durch meinen Service und meine Inspiration!&nbsp;&nbsp;<\/p>\n\n\n\n<p>Also f\u00fchrte mich meine Inspiration dazu, den Reiki-Meistergrad und Reiki-Lehrergrad zu beschreiten und auch zu absolvieren, um diese Modalit\u00e4t auch selbst weitergeben zu k\u00f6nnen und weiter verbreiten zu k\u00f6nnen.<\/p>\n\n\n\n<p class=\"has-text-color has-link-color has-small-font-size wp-elements-8983050fe3e15ecb229641afd4a3fdb7\" style=\"color:#cfa65a\"><strong>Ich bin nun bereit Teil dieses Prozesses zu werden, um etwas f\u00fcr uns zu tun.<\/strong><\/p>\n<\/div>\n<\/div>\n<\/div><\/div>\n\n\n\n<p><\/p>\n","protected":false},"excerpt":{"rendered":"<p>Biografie Ich, Tobias Wolf, bin im Jahr 1972 geboren. Nach meiner Schulzeit absolvierte ich meine Ausbildung zum Maler und Lackierer. Nach 3-j\u00e4hriger T\u00e4tigkeit als Geselle begann ich die Meisterausbildung, welche ich nach 9 Monaten 1996 erfolgreich abgeschlossen habe.&nbsp;&nbsp; Im Jahr 2005 durfte ich Reiki entdecken und ich erkannte schnell meine Begeisterung daf\u00fcr. Ich lie\u00df mich [&hellip;]<\/p>\n","protected":false},"author":1,"featured_media":0,"parent":0,"menu_order":0,"comment_status":"closed","ping_status":"closed","template":"","meta":{"ocean_post_layout":"","ocean_both_sidebars_style":"scs-style","ocean_both_sidebars_content_width":0,"ocean_both_sidebars_sidebars_width":0,"ocean_sidebar":"quadmenu-widgets","ocean_second_sidebar":"","ocean_disable_margins":"enable","ocean_add_body_class":"","ocean_shortcode_before_top_bar":"","ocean_shortcode_after_top_bar":"","ocean_shortcode_before_header":"","ocean_shortcode_after_header":"","ocean_has_shortcode":"","ocean_shortcode_after_title":"","ocean_shortcode_before_footer_widgets":"","ocean_shortcode_after_footer_widgets":"","ocean_shortcode_before_footer_bottom":"","ocean_shortcode_after_footer_bottom":"","ocean_display_top_bar":"default","ocean_display_header":"default","ocean_header_style":"","ocean_center_header_left_menu":"","ocean_custom_header_template":"","ocean_custom_logo":0,"ocean_custom_retina_logo":0,"ocean_custom_logo_max_width":0,"ocean_custom_logo_tablet_max_width":0,"ocean_custom_logo_mobile_max_width":0,"ocean_custom_logo_max_height":0,"ocean_custom_logo_tablet_max_height":0,"ocean_custom_logo_mobile_max_height":0,"ocean_header_custom_menu":"","ocean_menu_typo_font_family":"Cinzel","ocean_menu_typo_font_subset":"","ocean_menu_typo_font_size":0,"ocean_menu_typo_font_size_tablet":0,"ocean_menu_typo_font_size_mobile":0,"ocean_menu_typo_font_size_unit":"px","ocean_menu_typo_font_weight":"","ocean_menu_typo_font_weight_tablet":"","ocean_menu_typo_font_weight_mobile":"","ocean_menu_typo_transform":"","ocean_menu_typo_transform_tablet":"","ocean_menu_typo_transform_mobile":"","ocean_menu_typo_line_height":0,"ocean_menu_typo_line_height_tablet":0,"ocean_menu_typo_line_height_mobile":0,"ocean_menu_typo_line_height_unit":"","ocean_menu_typo_spacing":0,"ocean_menu_typo_spacing_tablet":0,"ocean_menu_typo_spacing_mobile":0,"ocean_menu_typo_spacing_unit":"","ocean_menu_link_color":"#cfa65a","ocean_menu_link_color_hover":"","ocean_menu_link_color_active":"","ocean_menu_link_background":"","ocean_menu_link_hover_background":"","ocean_menu_link_active_background":"","ocean_menu_social_links_bg":"","ocean_menu_social_hover_links_bg":"","ocean_menu_social_links_color":"","ocean_menu_social_hover_links_color":"","ocean_disable_title":"default","ocean_disable_heading":"default","ocean_post_title":"","ocean_post_subheading":"","ocean_post_title_style":"","ocean_post_title_background_color":"","ocean_post_title_background":0,"ocean_post_title_bg_image_position":"","ocean_post_title_bg_image_attachment":"","ocean_post_title_bg_image_repeat":"","ocean_post_title_bg_image_size":"","ocean_post_title_height":0,"ocean_post_title_bg_overlay":0.5,"ocean_post_title_bg_overlay_color":"","ocean_disable_breadcrumbs":"default","ocean_breadcrumbs_color":"","ocean_breadcrumbs_separator_color":"","ocean_breadcrumbs_links_color":"","ocean_breadcrumbs_links_hover_color":"","ocean_display_footer_widgets":"default","ocean_display_footer_bottom":"default","ocean_custom_footer_template":"","footnotes":""},"class_list":["post-2004","page","type-page","status-publish","hentry","entry"],"_links":{"self":[{"href":"https:\/\/www.service-inspiration.de\/index.php?rest_route=\/wp\/v2\/pages\/2004","targetHints":{"allow":["GET"]}}],"collection":[{"href":"https:\/\/www.service-inspiration.de\/index.php?rest_route=\/wp\/v2\/pages"}],"about":[{"href":"https:\/\/www.service-inspiration.de\/index.php?rest_route=\/wp\/v2\/types\/page"}],"author":[{"embeddable":true,"href":"https:\/\/www.service-inspiration.de\/index.php?rest_route=\/wp\/v2\/users\/1"}],"replies":[{"embeddable":true,"href":"https:\/\/www.service-inspiration.de\/index.php?rest_route=%2Fwp%2Fv2%2Fcomments&post=2004"}],"version-history":[{"count":1,"href":"https:\/\/www.service-inspiration.de\/index.php?rest_route=\/wp\/v2\/pages\/2004\/revisions"}],"predecessor-version":[{"id":2182,"href":"https:\/\/www.service-inspiration.de\/index.php?rest_route=\/wp\/v2\/pages\/2004\/revisions\/2182"}],"wp:attachment":[{"href":"https:\/\/www.service-inspiration.de\/index.php?rest_route=%2Fwp%2Fv2%2Fmedia&parent=2004"}],"curies":[{"name":"wp","href":"https:\/\/api.w.org\/{rel}","templated":true}]}}