{"id":1883,"date":"2024-09-15T09:07:28","date_gmt":"2024-09-15T07:07:28","guid":{"rendered":"http:\/\/wordpress.service-inspiration.de\/?page_id=1883"},"modified":"2024-10-08T17:32:59","modified_gmt":"2024-10-08T15:32:59","slug":"honorar","status":"publish","type":"page","link":"https:\/\/www.service-inspiration.de\/?page_id=1883","title":{"rendered":"Honorar"},"content":{"rendered":"\n<hr class=\"wp-block-separator alignwide has-text-color has-ast-global-color-1-color has-alpha-channel-opacity has-ast-global-color-1-background-color has-background is-style-wide\" style=\"margin-top:var(--wp--preset--spacing--40);margin-bottom:var(--wp--preset--spacing--40)\"\/>\n\n\n\n<div class=\"wp-block-columns are-vertically-aligned-top is-layout-flex wp-container-core-columns-is-layout-9d6595d7 wp-block-columns-is-layout-flex\">\n<div class=\"wp-block-column is-vertically-aligned-stretch is-layout-flow wp-block-column-is-layout-flow\" style=\"flex-basis:100%\">\n<p class=\"has-text-color has-link-color wp-elements-bd337c06caad108f1d762feca2d5268b\" style=\"color:#cfa65a;font-size:17px\">Wann ist es soweit?&nbsp;<\/p>\n\n\n\n<p class=\"has-small-font-size\">Nun, es kann in meinen H\u00e4nden liegen, f\u00fcr Dich diese Reiki-Energie erlebbar zu machen. <br>Es liegt aber in Deinen H\u00e4nden, sich daf\u00fcr mit mir einen Termin zu vereinbaren!<\/p>\n\n\n\n<p class=\"has-white-color has-text-color has-link-color has-small-font-size wp-elements-dca0d56b668d1e117840864c3c118bfb\">Sie erreichen mich unter: <span style=\"color: #cfa65a;\"><strong>151 153 77 586&nbsp;Tobias Wolf<\/strong>&nbsp;<\/span>&nbsp;&nbsp;&nbsp;&nbsp;<\/p>\n\n\n\n<p class=\"has-white-color has-text-color has-link-color wp-elements-b1231f00de7a6011f5bf415d48e25f82\">oder<span style=\"color: #cfa65a;\"> <strong><a href=\"https:\/\/www.service-inspiration.de\/?page_id=2075\" data-type=\"page\" data-id=\"2075\">>>\u00a0Mailkontakt\u00a0>><\/a><\/strong><\/span><\/p>\n\n\n\n<hr class=\"wp-block-separator has-text-color has-alpha-channel-opacity has-background is-style-wide\" style=\"background-color:#cfa65a;color:#cfa65a\"\/>\n\n\n\n<div class=\"wp-block-group has-small-font-size\"><div class=\"wp-block-group__inner-container is-layout-constrained wp-block-group-is-layout-constrained\">\n<figure class=\"wp-block-table\">\n<table class=\"has-text-color has-link-color\" style=\"border-style: none; width: 100%; height: 108px;\">\n<tbody>\n<tr style=\"height: 18px;\">\n<td style=\"height: 18px; width: 80%;\"><span style=\"color: #cfa65a; font-size: 12pt;\"><strong>Reiki 1 als Wellnessbehandlung\u00a0*<\/strong><\/span><\/td>\n<td style=\"height: 18px; width: 20%;\">\u20ac 75.-<\/td>\n<\/tr>\n<tr style=\"height: 18px;\">\n<td style=\"height: 18px; width: 80%;\"><span style=\"font-size: 10pt;\">(auch <a href=\"https:\/\/www.service-inspiration.de\/?page_id=2075\"><strong>Gutscheine<\/strong><\/a>\u00a0daf\u00fcr erh\u00e4ltlich<\/span>)<\/td>\n<td style=\"height: 18px; width: 20%;\">\u00a0<\/td>\n<\/tr>\n<tr style=\"height: 72px;\">\n<td class=\"auto-style62\" style=\"height: 72px; width: 80%;\"><span style=\"font-size: 8pt;\">*\u00a0 (Preis inklusive 19 % Mehrwertsteuer und Behandlung bei mir vor Ort. Bei Behandlungen bei Dir, zuz\u00fcglich der Anfahrtkosten.)\u00a0\u00a0\u00a0\u00a0\u00a0\u00a0\u00a0\u00a0\u00a0\u00a0\u00a0 <\/span>\u00a0\u00a0\u00a0\u00a0\u00a0\u00a0\u00a0\u00a0\u00a0\u00a0\u00a0\u00a0\u00a0\u00a0\u00a0\u00a0\u00a0\u00a0\u00a0\u00a0\u00a0\u00a0\u00a0\u00a0\u00a0\u00a0\u00a0\u00a0\u00a0\u00a0\u00a0\u00a0\u00a0\u00a0\u00a0\u00a0\u00a0\u00a0<\/td>\n<td style=\"height: 72px; width: 20%;\">\u00a0<\/td>\n<\/tr>\n<\/tbody>\n<\/table>\n<\/figure>\n<\/div><\/div>\n\n\n\n<hr class=\"wp-block-separator has-alpha-channel-opacity is-style-wide\"\/>\n\n\n\n<figure class=\"wp-block-table\">\n<table class=\"has-text-color has-link-color\" style=\"border-style: none; width: 100%; height: 126px;\">\n<tbody>\n<tr style=\"height: 18px;\">\n<td style=\"height: 18px; width: 80%;\"><span style=\"color: #cfa65a; font-size: 12pt;\"><strong>Reiki 1 als Symptombehandlung<span class=\"font6\">\u00a0<\/span>*<\/strong><\/span><\/td>\n<td style=\"height: 18px; width: 20%;\">\u20ac 100.-<\/td>\n<\/tr>\n<tr style=\"height: 18px;\">\n<td class=\"auto-style69\" style=\"height: 18px; width: 80%;\"><span style=\"font-size: 8pt;\">(Diagnose des Symptoms obliegt Deinen Angaben)<\/span><\/td>\n<td style=\"height: 18px; width: 20%;\">\u00a0<\/td>\n<\/tr>\n<tr style=\"height: 18px;\">\n<td style=\"height: 18px; width: 80%;\"><span style=\"font-size: 10pt;\">(auch <span style=\"color: #cfa65a;\"><a style=\"color: #cfa65a;\" href=\"http:\/\/wordpress.service-inspiration.de\/gutschein\/\"><strong>Gutscheine<\/strong><\/a><\/span>\u00a0daf\u00fcr erh\u00e4ltlich<\/span>)<\/td>\n<td style=\"height: 18px; width: 20%;\">\u00a0<\/td>\n<\/tr>\n<tr style=\"height: 72px;\">\n<td class=\"auto-style62\" style=\"height: 72px; width: 80%;\"><span style=\"font-size: 8pt;\">* ( Preis inklusive 19 % Mehrwertsteuer und Behandlung bei mir vor Ort. Bei Behandlungen bei Dir, zuz\u00fcglich der Anfahrtkosten.)\u00a0\u00a0\u00a0\u00a0\u00a0\u00a0\u00a0\u00a0\u00a0\u00a0\u00a0 <\/span>\u00a0\u00a0\u00a0\u00a0\u00a0\u00a0\u00a0\u00a0\u00a0\u00a0\u00a0\u00a0\u00a0\u00a0\u00a0\u00a0\u00a0\u00a0\u00a0\u00a0\u00a0\u00a0\u00a0\u00a0\u00a0\u00a0\u00a0\u00a0\u00a0\u00a0\u00a0\u00a0\u00a0\u00a0\u00a0\u00a0\u00a0\u00a0<\/td>\n<td style=\"height: 72px; width: 20%;\">\u00a0<\/td>\n<\/tr>\n<\/tbody>\n<\/table>\n<\/figure>\n\n\n\n<hr class=\"wp-block-separator has-alpha-channel-opacity is-style-wide\"\/>\n\n\n\n<figure class=\"wp-block-table\">\n<table class=\"has-text-color has-link-color\" style=\"border-style: none; width: 100%; height: 54px;\">\n<tbody>\n<tr style=\"height: 18px;\">\n<td style=\"height: 18px; width: 80%;\"><span style=\"color: #cfa65a; font-size: 12pt;\"><strong>Reiki 2 <span style=\"font-size: 10pt;\">(Fernheilung in Briefform) *<\/span><\/strong><\/span><\/td>\n<td style=\"height: 18px; width: 20%;\">\u20ac 100.-<\/td>\n<\/tr>\n<tr style=\"height: 18px;\">\n<td class=\"auto-style69\" style=\"height: 18px; width: 80%;\"><span style=\"font-size: 8pt;\">(wird an Deine Postadresse versendet)<\/span><\/td>\n<td style=\"height: 18px; width: 20%;\">\u00a0<\/td>\n<\/tr>\n<tr style=\"height: 18px;\">\n<td style=\"height: 18px; width: 80%;\"><span style=\"font-size: 8pt;\">* ( Preis inklusive 19 % Mehrwertsteuer)<\/span>\u00a0 \u00a0<\/td>\n<td style=\"height: 18px; width: 20%;\">\u00a0<\/td>\n<\/tr>\n<\/tbody>\n<\/table>\n<\/figure>\n\n\n\n<hr class=\"wp-block-separator has-alpha-channel-opacity is-style-wide\"\/>\n\n\n\n<figure class=\"wp-block-table\">\n<table class=\"has-text-color has-link-color\" style=\"border-style: none; width: 100%; height: 36px;\">\n<tbody>\n<tr style=\"height: 18px;\">\n<td style=\"height: 18px; width: 80%;\"><span style=\"color: #cfa65a;\"><span style=\"font-size: 16px;\"><b>Beratung<\/b><\/span><\/span><\/td>\n<td style=\"height: 18px; width: 20%;\">\u20ac 50.-<\/td>\n<\/tr>\n<tr style=\"height: 18px;\">\n<td class=\"auto-style69\" style=\"height: 18px; width: 80%;\"><span style=\"font-size: 8pt;\">(pro Stunde, viertelst\u00fcndlich abrechenbar inklusive<\/span><br \/><span style=\"font-size: 8pt;\">19 % Mehrwertsteuer)<\/span><\/td>\n<td style=\"height: 18px; width: 20%;\">\u00a0<\/td>\n<\/tr>\n<\/tbody>\n<\/table>\n<\/figure>\n\n\n\n<hr class=\"wp-block-separator has-alpha-channel-opacity is-style-wide\"\/>\n\n\n\n<p><\/p>\n<\/div>\n<\/div>\n","protected":false},"excerpt":{"rendered":"<p>Wann ist es soweit?&nbsp; Nun, es kann in meinen H\u00e4nden liegen, f\u00fcr Dich diese Reiki-Energie erlebbar zu machen. Es liegt aber in Deinen H\u00e4nden, sich daf\u00fcr mit mir einen Termin zu vereinbaren! Sie erreichen mich unter: 151 153 77 586&nbsp;Tobias Wolf&nbsp;&nbsp;&nbsp;&nbsp;&nbsp; oder >>\u00a0Mailkontakt\u00a0>> Reiki 1 als Wellnessbehandlung\u00a0* \u20ac 75.- (auch Gutscheine\u00a0daf\u00fcr erh\u00e4ltlich) \u00a0 *\u00a0 (Preis [&hellip;]<\/p>\n","protected":false},"author":1,"featured_media":0,"parent":1399,"menu_order":0,"comment_status":"closed","ping_status":"closed","template":"","meta":{"ocean_post_layout":"","ocean_both_sidebars_style":"scs-style","ocean_both_sidebars_content_width":0,"ocean_both_sidebars_sidebars_width":0,"ocean_sidebar":"quadmenu-widgets","ocean_second_sidebar":"0","ocean_disable_margins":"enable","ocean_add_body_class":"","ocean_shortcode_before_top_bar":"","ocean_shortcode_after_top_bar":"","ocean_shortcode_before_header":"","ocean_shortcode_after_header":"","ocean_has_shortcode":"","ocean_shortcode_after_title":"","ocean_shortcode_before_footer_widgets":"","ocean_shortcode_after_footer_widgets":"","ocean_shortcode_before_footer_bottom":"","ocean_shortcode_after_footer_bottom":"","ocean_display_top_bar":"default","ocean_display_header":"default","ocean_header_style":"","ocean_center_header_left_menu":"0","ocean_custom_header_template":"0","ocean_custom_logo":0,"ocean_custom_retina_logo":0,"ocean_custom_logo_max_width":0,"ocean_custom_logo_tablet_max_width":0,"ocean_custom_logo_mobile_max_width":0,"ocean_custom_logo_max_height":0,"ocean_custom_logo_tablet_max_height":0,"ocean_custom_logo_mobile_max_height":0,"ocean_header_custom_menu":"0","ocean_menu_typo_font_family":"Cinzel","ocean_menu_typo_font_subset":"","ocean_menu_typo_font_size":0,"ocean_menu_typo_font_size_tablet":0,"ocean_menu_typo_font_size_mobile":0,"ocean_menu_typo_font_size_unit":"px","ocean_menu_typo_font_weight":"","ocean_menu_typo_font_weight_tablet":"","ocean_menu_typo_font_weight_mobile":"","ocean_menu_typo_transform":"","ocean_menu_typo_transform_tablet":"","ocean_menu_typo_transform_mobile":"","ocean_menu_typo_line_height":0,"ocean_menu_typo_line_height_tablet":0,"ocean_menu_typo_line_height_mobile":0,"ocean_menu_typo_line_height_unit":"","ocean_menu_typo_spacing":0,"ocean_menu_typo_spacing_tablet":0,"ocean_menu_typo_spacing_mobile":0,"ocean_menu_typo_spacing_unit":"","ocean_menu_link_color":"#cfa65a","ocean_menu_link_color_hover":"","ocean_menu_link_color_active":"","ocean_menu_link_background":"","ocean_menu_link_hover_background":"","ocean_menu_link_active_background":"","ocean_menu_social_links_bg":"","ocean_menu_social_hover_links_bg":"","ocean_menu_social_links_color":"","ocean_menu_social_hover_links_color":"","ocean_disable_title":"default","ocean_disable_heading":"default","ocean_post_title":"","ocean_post_subheading":"","ocean_post_title_style":"","ocean_post_title_background_color":"","ocean_post_title_background":0,"ocean_post_title_bg_image_position":"","ocean_post_title_bg_image_attachment":"","ocean_post_title_bg_image_repeat":"","ocean_post_title_bg_image_size":"","ocean_post_title_height":0,"ocean_post_title_bg_overlay":0.5,"ocean_post_title_bg_overlay_color":"","ocean_disable_breadcrumbs":"default","ocean_breadcrumbs_color":"","ocean_breadcrumbs_separator_color":"","ocean_breadcrumbs_links_color":"","ocean_breadcrumbs_links_hover_color":"","ocean_display_footer_widgets":"default","ocean_display_footer_bottom":"default","ocean_custom_footer_template":"0","footnotes":""},"class_list":["post-1883","page","type-page","status-publish","hentry","entry"],"_links":{"self":[{"href":"https:\/\/www.service-inspiration.de\/index.php?rest_route=\/wp\/v2\/pages\/1883","targetHints":{"allow":["GET"]}}],"collection":[{"href":"https:\/\/www.service-inspiration.de\/index.php?rest_route=\/wp\/v2\/pages"}],"about":[{"href":"https:\/\/www.service-inspiration.de\/index.php?rest_route=\/wp\/v2\/types\/page"}],"author":[{"embeddable":true,"href":"https:\/\/www.service-inspiration.de\/index.php?rest_route=\/wp\/v2\/users\/1"}],"replies":[{"embeddable":true,"href":"https:\/\/www.service-inspiration.de\/index.php?rest_route=%2Fwp%2Fv2%2Fcomments&post=1883"}],"version-history":[{"count":17,"href":"https:\/\/www.service-inspiration.de\/index.php?rest_route=\/wp\/v2\/pages\/1883\/revisions"}],"predecessor-version":[{"id":2200,"href":"https:\/\/www.service-inspiration.de\/index.php?rest_route=\/wp\/v2\/pages\/1883\/revisions\/2200"}],"up":[{"embeddable":true,"href":"https:\/\/www.service-inspiration.de\/index.php?rest_route=\/wp\/v2\/pages\/1399"}],"wp:attachment":[{"href":"https:\/\/www.service-inspiration.de\/index.php?rest_route=%2Fwp%2Fv2%2Fmedia&parent=1883"}],"curies":[{"name":"wp","href":"https:\/\/api.w.org\/{rel}","templated":true}]}}